mber?
False
Is 11301552101 prime?
False
Is 52665350093 a prime number?
True
Is 21332452877 a composite number?
False
Is 645778307 composite?
True
Is 7999976217 a prime number?
False
Is 199447987 prime?
True
Is 19747226801 prime?
True
Is 131581112673 a prime number?
False
Is 300464413 a composite number?
True
Is 43479037 a composite number?
True
Is 2076739043 composite?
True
Is 18346159717 prime?
False
Is 2391593209 a prime number?
True
Is 205781091031 prime?
True
Is 10779587881 prime?
False
Is 3611803109 composite?
True
Is 350746381 prime?
False
Is 974703089 a composite number?
False
Is 831688261 prime?
False
Is 4006022939 a prime number?
True
Is 341339423 a prime number?
True
Is 15365633026 composite?
True
Is 659789777 a prime number?
True
Is 292386547 a composite number?
True
Is 270589549663 composite?
False
Is 3155538641 a composite number?
False
Is 6835186907 a prime number?
True
Is 800548829 a composite number?
False
Is 155272639 a prime number?
True
Is 22390649053 prime?
False
Is 924560183 composite?
True
Is 5379361423 a composite number?
False
Is 1781811877 a composite number?
True
Is 318435919 prime?
False
Is 1029871753 a prime number?
True
Is 34883482481 a composite number?
True
Is 388281769 composite?
False
Is 327502745959 a composite number?
False
Is 332522291 a prime number?
True
Is 34807286971 a prime number?
True
Is 1077535267 prime?
False
Is 19062892127 a composite number?
False
Is 105009695543 a composite number?
True
Is 17016811937 a composite number?
False
Is 19347949 prime?
True
Is 1666237799 a composite number?
False
Is 48508155281 a composite number?
True
Is 5056557239 composite?
False
Is 12467953 a prime number?
False
Is 1443436889 prime?
False
Is 12854032127 a composite number?
False
Is 58714393207 a prime number?
False
Is 414232561 a prime number?
True
Is 24737270717 composite?
True
Is 30161058887 prime?
False
Is 97933064311 prime?
True
Is 25293008837 prime?
True
Is 2898926347 composite?
True
Is 31309900681 a composite number?
False
Is 1342084787 prime?
False
Is 6556191778 a prime number?
False
Is 44950495 prime?
False
Is 101302099 composite?
True
Is 4252124887 a composite number?
True
Is 145732858237 a composite number?
True
Is 6606516187 composite?
True
Is 10986747077 composite?
False
Is 1750139977 prime?
False
Is 10632189259 composite?
False
Is 9865146331 prime?
True
Is 8881528247 prime?
False
Is 11690613047 composite?
False
Is 4322308981 composite?
False
Is 6274001093 a prime number?
True
Is 94907064631 composite?
True
Is 210102743 a composite number?
False
Is 1463760383 prime?
False
Is 16544993219 a composite number?
True
Is 75867067 prime?
True
Is 182185993 a composite number?
True
Is 1761132613 prime?
True
Is 2124837587 a prime number?
False
Is 17563448321 prime?
False
Is 259165561 prime?
False
Is 5798724689 a composite number?
False
Is 4184146331 prime?
False
Is 34174710551 prime?
False
Is 4151667623 a prime number?
True
Is 16536727111 a composite number?
False
Is 55512859 composite?
True
Is 504356647 composite?
True
Is 115487349139 composite?
True
Is 215093833 a composite number?
False
Is 534991141 a prime number?
True
Is 338969887 prime?
True
Is 1431427901 a prime number?
True
Is 34542270121 a composite number?
False
Is 1022251963 a prime number?
False
Is 281392751 a composite number?
False
Is 46953613099 a prime number?
False
Is 3269457953 a prime number?
False
Is 4414429969 a prime number?
True
Is 688285417 composite?
False
Is 1343020169 a composite number?
False
Is 17742743 prime?
False
Is 8955072281 prime?
True
Is 1229810429 composite?
False
Is 94926121 a prime number?
False
Is 24916683169 prime?
False
Is 68394728491 a composite number?
True
Is 2120618077 a prime number?
True
Is 22506583597 composite?
True
Is 2953186273 a prime number?
True
Is 135486267149 prime?
True
Is 1497154719 composite?
True
Is 345669761 composite?
False
Is 10002310699 composite?
True
Is 116946187811 a composite number?
False
Is 3446198573 a prime number?
True
Is 59195478581 composite?
False
Is 12429951547 prime?
False
Is 102424010993 composite?
False
Is 235109213 composite?
True
Is 1704237517 prime?
True
Is 265774938659 prime?
False
Is 347787711461 prime?
True
Is 535740697 composite?
True
Is 10177204159 a prime number?
False
Is 2324052719 prime?
True
Is 1313845579 composite?
False
Is 127189693913 prime?
True
Is 240576187 a composite number?
True
Is 2560765657 a prime number?
True
Is 1611282983 a composite number?
False
Is 4945315033 composite?
True
Is 561215258653 composite?
True
Is 830058953 composite?
False
Is 12823756817 prime?
True
Is 2477082457 a prime number?
True
Is 29287862081 composite?
False
Is 42920808677 prime?
False
Is 594542303 prime?
False
Is 2280643829 a composite number?
True
Is 14860234283 prime?
True
Is 56777233757 a composite number?
True
Is 10222985671 a prime number?
True
Is 75395990357 prime?
False
Is 141815381 a prime number?
True
Is 1335388667 a composite number?
True
Is 1020967377 prime?
False
Is 449015587 a prime number?
True
Is 4931921103 prime?
False
Is 2197769239 a composite number?
False
Is 44633146757 composite?
True
Is 70615887283 a prime number?
False
Is 2928272759 a composite number?
True
Is 988514627 prime?
True
Is 433027687 a prime number?
False
Is 3436628983 a composite number?
True
Is 3091127653 prime?
False
Is 2543504237 prime?
True
Is 5421592301 composite?
True
Is 176779051447 a composite number?
True
Is 76848081061 a composite number?
True
Is 2868622787 composite?
True
Is 25470831535 a composite number?
True
Is 8045351863 composite?
True
Is 3984548915 a composite number?
True
Is 4678889318 a composite number?
True
Is 22025404853 a prime number?
False
Is 8730419441 prime?
False
Is 115231777 a composite number?
True
Is 35564449 a prime number?
False
Is 31940836139 a prime number?
True
Is 6641889833 a prime number?
False
Is 38832168437 composite?
False
Is 16731342781 a prime number?
True
Is 8410144049 a prime number?
False
Is 2455008757 a composite number?
False
Is 233194469 prime?
True
Is 28978482431 a composite number?
True
Is 35623278443 composite?
False
Is 291964529 prime?
True
Is 44948481907 prime?
False
Is 896784547 composite?
True
Is 8193551803 a prime number?
True
Is 712593779 a prime number?
True
Is 53163107087 composite?
True
Is 1352450326 a composite number?
True
Is 303378703 prime?
True
Is 39014355979 a prime number?
True
Is 5604773663 a prime number?
True
Is 2742979763 a composite number?
True
Is 533834411 prime?
False
Is 465069721 a prime number?
True
Is 1971670273 a composite number?
False
Is 233967871 a composite number?
False
Is 4935709 composite?
True
Is 1825652929 prime?
True
Is 20433333703 a prime number?
False
Is 254821477 composite?
True
Is 132147773 composite?
False
Is 955120069 prime?
False
Is 4157024453 composite?
True
Is 492995743 prime?
False
Is 5647059487 a composite number?
False
Is 15457657 a prime number?
True
Is 312830670931 prime?
False
Is 89461649 composite?
False
Is 4749628109 composite?
True
Is 1258442381 a composite number?
True
Is 225864150539 composite?
False
Is 22466653049 prime?
False
Is 3426774985 prime?
False
Is 5168589587 a prime number?
False
Is 66099765793 a composite number?
False
Is 15277510169 prime?
True
Is 95462687 prime?
False
Is 6045292321 prime?
False
Is 1347273247 composite?
False
Is 14413849717 prime?
True
Is 84947857 a composite number?
False
Is 7035731123 composite?
False
Is 30324453857 prime?
True
Is 3372777649 composite?
True
Is 1547264177 a composite number?
False
Is 1365980359 composite?
True
Is 632593453 prime?
False
Is 3791487073 a composite number?
True
Is 14323356734 composite?
True
Is 279591421 a prime number?
False
Is 685435147 a composite number?
False
Is 281524049 a composite number?
True
Is 13458418 a composite number?
True
Is 1303958713 a composite number?
False
Is 17348269811 composite?
True
Is 1587226913 composite?
True
Is 1013261657 composite?
False
Is 18598627937 a composite number?
True
Is 2530457197 a prime number?
False
Is 47478589 prime?
False
Is 7492888303 a prime number?
False
Is 15068559014 a prime number?
False
Is 1100242259 composite?
True
Is 2024765537 a composite number?
False
Is 7710331943 prime?
False
Is 7964641183 a composite number?
True
Is 14392990399 prime?
False
Is 7205834497 prime?
True
Is 173962